t are the prime factors of 646944?
2, 3, 23, 293
List the prime factors of 1434199.
13, 110323
List the prime factors of 1838321.
23, 257, 311
List the prime factors of 1349638.
2, 41, 109, 151
List the prime factors of 2524850.
2, 5, 50497
List the prime factors of 1762331.
359, 4909
List the prime factors of 1635435.
3, 5, 36343
List the prime factors of 144640.
2, 5, 113
What are the prime factors of 1759107?
3, 7, 211, 397
What are the prime factors of 749464?
2, 93683
What are the prime factors of 1425016?
2, 178127
What are the prime factors of 178815?
3, 5, 7, 13, 131
List the prime factors of 2153168.
2, 23, 5851
List the prime factors of 2008960.
2, 5, 43, 73
List the prime factors of 5746159.
23, 249833
List the prime factors of 327594.
2, 3, 71, 769
List the prime factors of 5373883.
5373883
List the prime factors of 111295.
5, 22259
List the prime factors of 1891166.
2, 41, 23063
What are the prime factors of 3584121?
3, 1194707
What are the prime factors of 6749221?
17, 397013
What are the prime factors of 776408?
2, 37, 43, 61
What are the prime factors of 939720?
2, 3, 5, 41, 191
List the prime factors of 2636786.
2, 61, 21613
List the prime factors of 3885.
3, 5, 7, 37
List the prime factors of 33539802.
2, 3, 83, 67349
List the prime factors of 198748.
2, 11, 4517
What are the prime factors of 322000?
2, 5, 7, 23
List the prime factors of 2122231.
2122231
List the prime factors of 2838966.
2, 3, 13, 17, 2141
What are the prime factors of 729477?
3, 7, 11579
What are the prime factors of 514483?
401, 1283
What are the prime factors of 5174271?
3, 97, 5927
What are the prime factors of 11176375?
5, 7, 53, 241
What are the prime factors of 7748420?
2, 5, 47, 8243
List the prime factors of 162197.
7, 17, 29, 47
List the prime factors of 3250412.
2, 11, 31, 2383
List the prime factors of 19967868.
2, 3, 554663
List the prime factors of 989797.
989797
What are the prime factors of 15195122?
2, 7597561
List the prime factors of 12794254.
2, 11, 581557
List the prime factors of 3764345.
5, 13, 29, 1997
What are the prime factors of 1214510?
2, 5, 11, 61, 181
What are the prime factors of 17498502?
2, 3, 7, 113, 1229
List the prime factors of 10735053.
3, 7, 511193
List the prime factors of 3309045.
3, 5, 29, 7607
What are the prime factors of 1632663?
3, 17, 3557
List the prime factors of 6395846.
2, 3197923
What are the prime factors of 401366?
2, 7, 28669
List the prime factors of 26600494.
2, 19, 379, 1847
List the prime factors of 25953245.
5, 5190649
List the prime factors of 1531346.
2, 765673
List the prime factors of 112813.
37, 3049
List the prime factors of 2724049.
19, 311, 461
List the prime factors of 10152280.
2, 5, 353, 719
List the prime factors of 126622.
2, 63311
List the prime factors of 513709.
7, 73387
List the prime factors of 18075198.
2, 3, 3012533
What are the prime factors of 3386474?
2, 7, 13, 23, 809
What are the prime factors of 904486?
2, 11, 41113
List the prime factors of 1190773.
1190773
What are the prime factors of 97325?
5, 17, 229
List the prime factors of 2552623.
2552623
What are the prime factors of 1320101?
17, 19, 61, 67
What are the prime factors of 162519?
3, 7, 71, 109
What are the prime factors of 157152?
2, 3, 1637
List the prime factors of 538226.
2, 13, 127, 163
What are the prime factors of 1029480?
2, 3, 5, 23, 373
List the prime factors of 796482.
2, 3, 44249
What are the prime factors of 5394822?
2, 3, 19, 37, 1279
What are the prime factors of 12449209?
617, 20177
List the prime factors of 15319526.
2, 587, 13049
What are the prime factors of 213199?
7, 19, 229
List the prime factors of 374536.
2, 46817
What are the prime factors of 19531525?
5, 13, 19, 3163
List the prime factors of 171536.
2, 71, 151
What are the prime factors of 2581342?
2, 37, 34883
List the prime factors of 4425839.
11, 31, 12979
What are the prime factors of 1413325?
5, 56533
List the prime factors of 7901416.
2, 19, 227, 229
List the prime factors of 10391985.
3, 5, 230933
What are the prime factors of 259208?
2, 32401
List the prime factors of 2946322.
2, 137, 10753
What are the prime factors of 4907473?
4907473
List the prime factors of 5110952.
2, 7, 11, 8297
List the prime factors of 186658.
2, 93329
List the prime factors of 642691.
7, 91813
List the prime factors of 1062764.
2, 47, 5653
List the prime factors of 2877090.
2, 3, 5, 29, 3307
List the prime factors of 17878481.
67, 347, 769
What are the prime factors of 8017678?
2, 37, 108347
What are the prime factors of 4694673?
3, 379, 4129
What are the prime factors of 964662?
2, 3, 43, 3739
What are the prime factors of 254026?
2, 157, 809
What are the prime factors of 5467166?
2, 17, 113, 1423
What are the prime factors of 17727828?
2, 3, 1477319
List the prime factors of 760861.
83, 89, 103
List the prime factors of 301688.
2, 43, 877
What are the prime factors of 3892614?
2, 3, 11, 58979
What are the prime factors of 16245775?
5, 7, 13, 37, 193
List the prime factors of 702647.
11, 5807
What are the prime factors of 59636?
2, 17, 877
What are the prime factors of 10238299?
83, 293, 421
List the prime factors of 437463.
3, 13, 3739
What are the prime factors of 988015?
5, 7, 28229
What are the prime factors of 24494586?
2, 3, 17, 23, 53, 197
List the prime factors of 163162.
2, 23, 3547
List the prime factors of 969554.
2, 484777
List the prime factors of 26543180.
2, 5, 1327159
What are the prime factors of 270348?
2, 3, 13, 1733
List the prime factors of 410766.
2, 3, 223, 307
What are the prime factors of 7176800?
2, 5, 8971
What are the prime factors of 31891250?
2, 5, 31, 823
What are the prime factors of 821144?
2, 102643
List the prime factors of 13922066.
2, 1103, 6311
What are the prime factors of 478255?
5, 95651
List the prime factors of 793456.
2, 101, 491
List the prime factors of 1596287.
7, 11, 20731
List the prime factors of 9519844.
2, 173, 13757
What are the prime factors of 244583?
244583
What are the prime factors of 463480?
2, 5, 11587
List the prime factors of 107856.
2, 3, 7, 107
List the prime factors of 162988.
2, 7, 5821
What are the prime factors of 24101571?
3, 13, 197, 3137
List the prime factors of 212646.
2, 3, 7, 61, 83
List the prime factors of 254857.
254857
List the prime factors of 173257.
7, 53, 467
What are the prime factors of 80198?
2, 40099
List the prime factors of 281350.
2, 5, 17, 331
What are the prime factors of 8075788?
2, 7, 41203
List the prime factors of 1310321.
83, 15787
What are the prime factors of 7197166?
2, 37, 97259
List the prime factors of 45506.
2, 61, 373
What are the prime factors of 8431178?
2, 7, 602227
List the prime factors of 2364349.
13, 181873
What are the prime factors of 56706?
2, 3, 13, 727
What are the prime factors of 1484597?
29, 51193
List the prime factors of 453163.
461, 983
What are the prime factors of 1414?
2, 7, 101
What are the prime factors of 42070161?
3, 7, 19, 97, 1087
What are the prime factors of 673894?
2, 13, 25919
List the prime factors of 2123531.
31, 68501
List the prime factors of 267979.
89, 3011
What are the prime factors of 903534?
2, 3, 150589
What are the prime factors of 172510?
2, 5, 13, 1327
What are the prime factors of 368142?
2, 3, 61357
List the prime factors of 5467.
7, 11, 71
What are the prime factors of 464274?
2, 3, 25793
What are the prime factors of 300116?
2, 75029
List the prime factors of 504247.
504247
List the prime factors of 11066089.
11066089
What are the prime factors of 3612180?
2, 3, 5, 11, 13, 421
List the prime factors of 130994.
2, 65497
What are the prime factors of 1852521?
3, 11, 73, 769
List the prime factors of 901340.
2, 5, 11, 17, 241
What are the prime factors of 82405?
5, 16481
What are the prime factors of 93487?
93487
List the prime factors of 4012793.
41, 97, 1009
What are the prime factors of 4757141?
1429, 3329
List the prime factors of 43300.
2, 5, 433
What are the prime factors of 520257?
3, 37, 43, 109
List the prime factors of 3959569.
43, 92083
List the prime factors of 428239.
7, 131, 467
What are the prime factors of 659214?
2, 3, 53, 691
What are the prime factors of 9918271?
11, 457, 1973
What are the prime factors of 7232?
2, 113
What are the prime factors of 38647992?
2, 3, 1610333
List the pr